e
Let k = 64099 - 37083. Suppose 118445 - k = 13*g. Is g prime?
False
Suppose -117*u + 147*u = 6034429 + 7480361. Is u a prime number?
True
Let s be (564/8)/(3/(-24)). Let h = -149 - 153. Let n = h - s. Is n a prime number?
False
Let m be 54510/12*8/10*-1. Let i = m - -1734. Let w = i - -3095. Is w a prime number?
False
Suppose 0*m + 10*m - 2961295 - 3715015 = 0. Is m prime?
True
Let n(m) = -120 + 1301*m + 108 - 112 - 123 - 5159*m. Is n(-6) a composite number?
False
Let a(k) = 163*k**2 + 9*k + 5. Let u be a(-2). Suppose -2*z + u + 659 = 0. Suppose -p = -2*p + z. Is p prime?
False
Suppose 240 = 4*i - 8*i. Let z = i + 63. Suppose -1479 = -z*b - 42. Is b a prime number?
True
Suppose z - 2*z + 2*g = -14, 0 = -z - 4*g - 16. Suppose 3*k = -z*j + 13471, 3*k + 6*j = 11*j + 13489. Is k a prime number?
True
Suppose -11*m = -154944 - 118241. Is m a composite number?
True
Let h = 43576 - 1857. Is h prime?
True
Suppose 5*u + 3*l = 1734500, 3*u + 10*l - 1040694 = 7*l. Is u a composite number?
False
Suppose 0 = -2*d + 71701 + 50721. Is d prime?
True
Let j = -429167 + 780010. Is j composite?
False
Suppose -2*p + 5*m = -434187, -3*p + 5*m + 868369 = p. Is p a composite number?
True
Is -3*(11 + (-132850)/3) a prime number?
True
Suppose 7*r + 5258 = 49169. Suppose 6*b = r + 8745. Is b a prime number?
True
Suppose 16 = -n + 5*n. Suppose -n = -0*y + y. Is y - (-3 + 7 + -689) a prime number?
False
Let j = 13074 + 47. Is j a prime number?
True
Let b = 53577 + -37718. Is b prime?
True
Let g be (2 + 3)/(-10)*(-2728 - 6). Suppose -133 = 3*n - 5*p - 754, 1022 = 5*n - 4*p. Suppose -n = 5*i - g. Is i prime?
True
Let o = -1 - -1. Suppose o = -202*x + 200*x + 9346. Is x composite?
False
Let l(t) = 674*t + 1543. Is l(9) a prime number?
False
Let t = -1 + 5. Suppose -7*g + 35 = 4*r - t*g, g - 33 = -4*r. Suppose -r*w = -3*w - 7645. Is w prime?
False
Suppose 0 = -5*h - 4*i + 12468, 3*h + 2*i - 3254 = 4228. Let y = h + -653. Is y a prime number?
False
Let p be -3 + (-750)/18 + 4/6. Let f = -39 - p. Suppose -922 = f*k - 3267. Is k composite?
True
Let u = -46 + 44. Let k(w) = -99*w**3 - 4*w**2 - 8*w - 10. Let v be k(u). Suppose -5*o + 3940 = -5*a, 6*o - 7*o - 5*a + v = 0. Is o composite?
False
Let n = -24 + 39. Let p = n + -10. Suppose 4*v - 1777 = -p*l, -v + 440 = -l - 2*l. Is v a prime number?
True
Suppose 6 = 5*k + 5*b - 3*b, 6 = k + 2*b. Suppose k = 11*v - 22527 + 3145. Is v prime?
False
Suppose i - 2*a = -5*a - 1, 0 = -3*i - a + 13. Suppose -l + 0*l = -3*j + 10574, 0 = -i*j - 3*l + 17600. Let m = -1820 + j. Is m a composite number?
True
Let i = 70 + -68. Is (-113526)/(-42)*i/6 prime?
False
Suppose 2*c + 43323 = 4*z + 7*c, -2*c - 32475 = -3*z. Suppose -2*u = -22*a + 23*a - 7216, z = 3*u + 3*a. Is u composite?
False
Let x = 3157 + -1084. Suppose -5*d = 2*w - 2043, 10*d - 15*d = -2*w + x. Let u = w + 428. Is u composite?
True
Is (-2931454)/(4/(-6)*(-108 + 18)/(-30)) prime?
True
Let q(h) = -h**3 - 9*h**2 + 5*h - 51. Let n be q(-10). Is (-4 - -7 - -827) + n composite?
False
Let q be ((-15)/(-2))/(4 - (-114)/(-24)). Is (0 - -1371) + q - (5 - 1) prime?
False
Let l be (-5)/(-10)*(47 + -1). Suppose b + 1 = w, 4*b + 2*w = l - 3. Suppose -4*j = 20, 3*s - j - b*j = 935. Is s a prime number?
False
Let h(n) = 1440*n**2 - 4*n + 3. Let w = -118 - -120. Is h(w) a prime number?
False
Let w be (-29)/(-5) + 28/(-35). Suppose w*p - 10*p = -1570. Let j = -187 + p. Is j a composite number?
False
Let d(j) = j**3 - 3*j**2 - 6*j + 6. Let r be d(3). Let h(k) = k**2 + 14*k + 9. Let t be h(r). Let y(v) = -2*v**3 - 19*v**2 + 22*v + 16. Is y(t) prime?
True
Let p(t) = 4*t**2 + 6*t + 1. Let y be (-2)/((2/(-3))/(153/(-27))). Is p(y) composite?
True
Let q = 21 - 32. Is (q/(-22))/(-2 + (-36909)/(-18454)) prime?
True
Is (-477785 - 6)*(2 - -7 - (-40)/(-4)) composite?
False
Suppose -29352947 = -236*v + 5159457. Is v prime?
True
Let o = 46 - 44. Suppose o*i + 4 = -5*u, -3*u = u + i + 5. Let z(f) = -244*f - 9. Is z(u) a prime number?
True
Suppose 0 = -8*y - 173*y + 4654777. Is y a prime number?
True
Suppose -2*m = -h + 2*m + 984, 2*m = 5*h - 4830. Let x = h - 674. Let n = 801 + x. Is n a composite number?
False
Suppose 3*z = -4*c + 111968, 0 = 2*z - 6*c + 5*c - 74627. Suppose -5*s + 5519 = -z. Is s a prime number?
False
Suppose -51*n = 7*n - 9*n - 3741689. Is n a prime number?
False
Let p = 115774 - 61113. Is p a prime number?
False
Let v be (17/(-2))/((-3)/6). Suppose 2*b + 2 = -2*t, -5*t - v = 3*b - b. Is 2609 + 1/(b/(-16)*-2) a composite number?
True
Suppose 11*p - 10*p = 18. Suppose 2*q - 4*o = -12, 0 = -q + 6*q - 4*o + p. Is (7332/(-24))/(q/4) a composite number?
True
Is (-2)/(-10)*((-64)/4 + 618951) a prime number?
True
Let y = -22288 - -32431. Let k = -352 + y. Is k prime?
True
Let k = 55385 - 36018. Is k prime?
False
Let p be (-233322)/(-1998) - (1 - (-22)/(-18)). Suppose o - 154 = p. Is o a composite number?
False
Let s = 531258 - 104625. Is s composite?
True
Let w = -3 - -129. Suppose -9*c - 5*c = -w. Suppose 19*q - 43030 = c*q. Is q a prime number?
False
Let l = -204 - -214. Suppose l*j - 23375 = 18395. Is j a prime number?
True
Suppose -290180 = -q - 5*j, -870638 = 8*q - 11*q - j. Is q prime?
False
Let c(p) = -p**3 + 9*p**2 - 15*p + 20. Let l be c(5). Suppose l*x - 50*x = -4355. Is x prime?
False
Let m = 17035 - -25702. Is m a prime number?
True
Let g = -663 - -665. Suppose -2*x - 13465 = -d, 0*x + g = x. Is d prime?
True
Let n(b) = 3 - 12*b + 15 - 5*b + 15*b. Let p be n(6). Is 130 + 1 + -3 + p a composite number?
True
Let b = 52 + -40. Suppose b = -3*t - 0*t. Let p = 55 - t. Is p a composite number?
False
Let f(x) be the third derivative of -x**4/6 - 5*x**3/3 - 15*x**2. Let h be f(-4). Suppose -3*w - 417 = -h*w. Is w prime?
True
Let b(w) = -3*w**2 + 14*w - 83. Let i be b(7). Let g = -29 - i. Is g a prime number?
True
Let m(f) = 22*f**2 - 2*f - 2. Let l be m(-1). Suppose 2*n + 3*w = -7 - 10, -2*w = -2*n - l. Let y(d) = -17*d - 21. Is y(n) a prime number?
True
Let x be ((-66)/(-12))/(-11) + (-590)/(-4). Let r(j) = -5 + 73*j + 24*j**2 + 72*j - x*j. Is r(7) prime?
False
Let u = 244617 + 60046. Is u a prime number?
True
Let u(i) = -2*i - 31. Let z be u(-11). Let x be ((-12)/z)/(2/2868). Suppose -7*y = -9899 + x. Is y composite?
True
Let p(k) = -141*k - 41. Let w be ((-28)/35)/((-4)/(-60)). Is p(w) a composite number?
True
Suppose -2*c = 4*c - 156. Suppose -32*v + c*v = -214026. Is v a composite number?
False
Suppose 0 = -2*i + 10, 0*n - 5*i = 4*n - 13. Let r be (-142)/(-6) + 2/n. Let f(s) = s**3 - 24*s**2 + 30*s + 24. Is f(r) a prime number?
False
Suppose -5*i = 4*b - 24 - 16, -2*b - 5*i + 30 = 0. Suppose b*j - 2232 = -6*y + 2*y, 2*y = j - 452. Suppose 4*u - 396 - j = 0. Is u a composite number?
False
Suppose 4*h - 234442 = -22*h. Let s = h + -6076. Is s prime?
False
Suppose 20*c = 19*c + 3. Suppose 3*k = -c*w + 2*w + 1778, -5*w - 1174 = -2*k. Let u = 609 + k. Is u prime?
True
Let t(q) = 68438*q**2 - 50*q + 49. Is t(1) composite?
False
Suppose -3*a + 21363 = 2808. Let w = a + -4404. Is w a prime number?
False
Suppose 30169 = g + 3*d, -2*d + 30167 = 6*g - 5*g. Suppose 0 = 3*y - 2*z - g + 3462, -y - 4*z = -8919. Is y prime?
False
Suppose 0 = 4*w + 252 + 2592. Let u = w + 1034. Is u a prime number?
False
Let b(v) = -242*v - 38. Let x(q) = -4*q + 1. Let f(a) = -b(a) - 3*x(a). Is f(6) a composite number?
False
Let k(f) = -3*f**2 - 3*f + 2. Let b be k(-2). Let z(n) = -2511*n - 11. Is z(b) prime?
False
Let c be 4 + -3 + -4 - -5. Suppose 0*b - 4*a = -4*b - 12, 30 = -5*b + c*a. Is (-706)/(-1*4/b*-4) composite?
False
Is (566389 + -6)*(33 + -32) a prime number?
False
Let u(o) be the third derivative of -7*o**4/6 + 25*o**3/6 - 34*o**2. Let l(x) = 29*x - 26. Let k(d) = -4*l(d) - 3*u(d). Is k(-7) a prime number?
False
Let m(k) = 3*k**2 - 2*k + 2. Let n be ((-2)/5)/(3/(-30)). Let r be m(n). Suppose -r = c - 673. Is c a prime number?
True
Suppose 111*f - 4*p = 116*f - 11693273, -5*f + 5*p + 11693300 = 0. Is f a composite number?
False
Let u(g) = 717*g**2 - 23*g - 103. Let r be u(-7). Suppose -r - 20254 = -5*m. Is m a prime number?
False
Let r = 0 - 7. Let y(h) = -10*h**2 + 7 - h + 3*h**2 - 531*h**3 + 268*h**3 + 259*h**3. Is y(r) a prime number?
False
Suppose -12 = 3*p, 3*z + 5*p = -0*z + 2125. Suppose -5*h = 3*x - 3626